{"id":633,"date":"2024-03-11T14:21:09","date_gmt":"2024-03-11T13:21:09","guid":{"rendered":"https:\/\/babtpfi.cluster030.hosting.ovh.net\/?page_id=633"},"modified":"2024-03-18T17:04:53","modified_gmt":"2024-03-18T16:04:53","slug":"technique-douce","status":"publish","type":"page","link":"https:\/\/babtp.fr\/index.php\/technique-douce\/","title":{"rendered":"TECHNIQUE DOUCE"},"content":{"rendered":"\t\t<div data-elementor-type=\"wp-page\" data-elementor-id=\"633\" class=\"elementor elementor-633\">\n\t\t\t\t<div class=\"elementor-element elementor-element-0fd84ff e-flex e-con-boxed e-con e-parent\" data-id=\"0fd84ff\" data-element_type=\"container\" data-settings=\"{&quot;background_background&quot;:&quot;gradient&quot;,&quot;shape_divider_bottom&quot;:&quot;opacity-fan&quot;}\">\n\t\t\t\t\t<div class=\"e-con-inner\">\n\t\t\t\t<div class=\"elementor-shape elementor-shape-bottom\" data-negative=\"false\">\n\t\t\t<svg xmlns=\"http:\/\/www.w3.org\/2000\/svg\" viewBox=\"0 0 283.5 19.6\" preserveAspectRatio=\"none\">\n\t<path class=\"elementor-shape-fill\" style=\"opacity:0.33\" d=\"M0 0L0 18.8 141.8 4.1 283.5 18.8 283.5 0z\"\/>\n\t<path class=\"elementor-shape-fill\" style=\"opacity:0.33\" d=\"M0 0L0 12.6 141.8 4 283.5 12.6 283.5 0z\"\/>\n\t<path class=\"elementor-shape-fill\" style=\"opacity:0.33\" d=\"M0 0L0 6.4 141.8 4 283.5 6.4 283.5 0z\"\/>\n\t<path class=\"elementor-shape-fill\" d=\"M0 0L0 1.2 141.8 4 283.5 1.2 283.5 0z\"\/>\n<\/svg>\t\t<\/div>\n\t\t\t\t<div class=\"elementor-element elementor-element-8fad35e elementor-widget elementor-widget-heading\" data-id=\"8fad35e\" data-element_type=\"widget\" data-widget_type=\"heading.default\">\n\t\t\t\t<div class=\"elementor-widget-container\">\n\t\t\t<style>\/*! elementor - v3.23.0 - 25-07-2024 *\/\n.elementor-heading-title{padding:0;margin:0;line-height:1}.elementor-widget-heading .elementor-heading-title[class*=elementor-size-]>a{color:inherit;font-size:inherit;line-height:inherit}.elementor-widget-heading .elementor-heading-title.elementor-size-small{font-size:15px}.elementor-widget-heading .elementor-heading-title.elementor-size-medium{font-size:19px}.elementor-widget-heading .elementor-heading-title.elementor-size-large{font-size:29px}.elementor-widget-heading .elementor-heading-title.elementor-size-xl{font-size:39px}.elementor-widget-heading .elementor-heading-title.elementor-size-xxl{font-size:59px}<\/style><h2 class=\"elementor-heading-title elementor-size-default\">Camion aspirateur<\/h2>\t\t<\/div>\n\t\t\t\t<\/div>\n\t\t\t\t<div class=\"elementor-element elementor-element-05e3c75 elementor-widget__width-initial elementor-widget elementor-widget-image\" data-id=\"05e3c75\" data-element_type=\"widget\" data-widget_type=\"image.default\">\n\t\t\t\t<div class=\"elementor-widget-container\">\n\t\t\t<style>\/*! elementor - v3.23.0 - 25-07-2024 *\/\n.elementor-widget-image{text-align:center}.elementor-widget-image a{display:inline-block}.elementor-widget-image a img[src$=\".svg\"]{width:48px}.elementor-widget-image img{vertical-align:middle;display:inline-block}<\/style>\t\t\t\t\t\t\t\t\t\t<img fetchpriority=\"high\" decoding=\"async\" width=\"750\" height=\"333\" src=\"https:\/\/babtp.fr\/wp-content\/uploads\/2024\/03\/camion-aspirateur-6059144-removebg-preview.png\" class=\"attachment-large size-large wp-image-966\" alt=\"\" srcset=\"https:\/\/babtp.fr\/wp-content\/uploads\/2024\/03\/camion-aspirateur-6059144-removebg-preview.png 750w, https:\/\/babtp.fr\/wp-content\/uploads\/2024\/03\/camion-aspirateur-6059144-removebg-preview-300x133.png 300w\" sizes=\"(max-width: 750px) 100vw, 750px\" \/>\t\t\t\t\t\t\t\t\t\t\t\t\t<\/div>\n\t\t\t\t<\/div>\n\t\t\t\t\t<\/div>\n\t\t\t\t<\/div>\n\t\t<div class=\"elementor-element elementor-element-1167123 e-flex e-con-boxed e-con e-parent\" data-id=\"1167123\" data-element_type=\"container\">\n\t\t\t\t\t<div class=\"e-con-inner\">\n\t\t<div class=\"elementor-element elementor-element-74a8c38 e-con-full e-flex e-con e-child\" data-id=\"74a8c38\" data-element_type=\"container\">\n\t\t\t\t<div class=\"elementor-element elementor-element-43aa066 elementor-widget elementor-widget-text-editor\" data-id=\"43aa066\" data-element_type=\"widget\" data-widget_type=\"text-editor.default\">\n\t\t\t\t<div class=\"elementor-widget-container\">\n\t\t\t<style>\/*! elementor - v3.23.0 - 25-07-2024 *\/\n.elementor-widget-text-editor.elementor-drop-cap-view-stacked .elementor-drop-cap{background-color:#69727d;color:#fff}.elementor-widget-text-editor.elementor-drop-cap-view-framed .elementor-drop-cap{color:#69727d;border:3px solid;background-color:transparent}.elementor-widget-text-editor:not(.elementor-drop-cap-view-default) .elementor-drop-cap{margin-top:8px}.elementor-widget-text-editor:not(.elementor-drop-cap-view-default) .elementor-drop-cap-letter{width:1em;height:1em}.elementor-widget-text-editor .elementor-drop-cap{float:left;text-align:center;line-height:1;font-size:50px}.elementor-widget-text-editor .elementor-drop-cap-letter{display:inline-block}<\/style>\t\t\t\t<p>Une aspiratrice excavatrice\u00a0est utilis\u00e9e pour extraire les mat\u00e9riaux tels que la terre, le sable, le gravier ou les boues du sol. Le camion aspirateur est \u00e9quip\u00e9 d\u2019un tuyau d\u2019aspiration qui est ins\u00e9r\u00e9 dans le sol et d\u2019une pompe \u00e0 vide qui cr\u00e9e une pression n\u00e9gative pour aspirer les mat\u00e9riaux dans le tuyau.<\/p>\t\t\t\t\t\t<\/div>\n\t\t\t\t<\/div>\n\t\t\t\t<\/div>\n\t\t<div class=\"elementor-element elementor-element-b69e03a e-con-full e-flex e-con e-child\" data-id=\"b69e03a\" data-element_type=\"container\">\n\t\t\t\t<\/div>\n\t\t<div class=\"elementor-element elementor-element-0224d18 e-con-full e-flex e-con e-child\" data-id=\"0224d18\" data-element_type=\"container\">\n\t\t\t\t<\/div>\n\t\t<div class=\"elementor-element elementor-element-c3821ce e-con-full e-flex e-con e-child\" data-id=\"c3821ce\" data-element_type=\"container\">\n\t\t\t\t<div class=\"elementor-element elementor-element-cac4b16 elementor-widget elementor-widget-heading\" data-id=\"cac4b16\" data-element_type=\"widget\" data-widget_type=\"heading.default\">\n\t\t\t\t<div class=\"elementor-widget-container\">\n\t\t\t<h2 class=\"elementor-heading-title elementor-size-default\">Caract\u00e9ristiques:<\/h2>\t\t<\/div>\n\t\t\t\t<\/div>\n\t\t\t\t<div class=\"elementor-element elementor-element-32a90d9 elementor-widget elementor-widget-text-editor\" data-id=\"32a90d9\" data-element_type=\"widget\" data-widget_type=\"text-editor.default\">\n\t\t\t\t<div class=\"elementor-widget-container\">\n\t\t\t\t\t\t\t<p>-100 fois plus puissant qu&rsquo;un aspirateur classique(36000 <span class=\"w8qArf\">\u00a0<\/span><span class=\"LrzXr kno-fv wHYlTd z8gr9e\">m<sup>3<\/sup><\/span><span class=\"LrzXr kno-fv wHYlTd z8gr9e\">\/heure)<\/span><\/p><p>-capacit\u00e9 de stockage de 6-12<span class=\"w8qArf\">\u00a0<\/span><span class=\"LrzXr kno-fv wHYlTd z8gr9e\">m<sup>3<\/sup><\/span><\/p><p>-bras vigoureux radiocommand\u00e9 \u00e0 bras hydraulique<\/p>\t\t\t\t\t\t<\/div>\n\t\t\t\t<\/div>\n\t\t\t\t<\/div>\n\t\t\t\t\t<\/div>\n\t\t\t\t<\/div>\n\t\t<div class=\"elementor-element elementor-element-a7b82a2 e-flex e-con-boxed e-con e-parent\" data-id=\"a7b82a2\" data-element_type=\"container\">\n\t\t\t\t\t<div class=\"e-con-inner\">\n\t\t<div class=\"elementor-element elementor-element-839684a e-con-full e-flex e-con e-child\" data-id=\"839684a\" data-element_type=\"container\" data-settings=\"{&quot;background_background&quot;:&quot;gradient&quot;,&quot;animation&quot;:&quot;none&quot;}\">\n\t\t\t\t<div class=\"elementor-element elementor-element-492fc22 elementor-widget elementor-widget-heading\" data-id=\"492fc22\" data-element_type=\"widget\" data-widget_type=\"heading.default\">\n\t\t\t\t<div class=\"elementor-widget-container\">\n\t\t\t<h2 class=\"elementor-heading-title elementor-size-default\"> La technique douce avec des camions aspirateurs<\/h2>\t\t<\/div>\n\t\t\t\t<\/div>\n\t\t\t\t<div class=\"elementor-element elementor-element-1e1945f elementor-widget elementor-widget-text-editor\" data-id=\"1e1945f\" data-element_type=\"widget\" data-widget_type=\"text-editor.default\">\n\t\t\t\t<div class=\"elementor-widget-container\">\n\t\t\t\t\t\t\t<p>\u00a0les camions aspirateurs dans le domaine du BTP est une approche innovante visant \u00e0 r\u00e9duire l&rsquo;impact environnemental des travaux de construction, notamment en ce qui concerne la gestion des poussi\u00e8res, des d\u00e9bris et des d\u00e9chets.<\/p>\t\t\t\t\t\t<\/div>\n\t\t\t\t<\/div>\n\t\t\t\t<\/div>\n\t\t<div class=\"elementor-element elementor-element-76e81aa e-con-full e-flex e-con e-child\" data-id=\"76e81aa\" data-element_type=\"container\" data-settings=\"{&quot;background_background&quot;:&quot;gradient&quot;}\">\n\t\t\t\t<div class=\"elementor-element elementor-element-af31aa2 elementor-widget elementor-widget-heading\" data-id=\"af31aa2\" data-element_type=\"widget\" data-widget_type=\"heading.default\">\n\t\t\t\t<div class=\"elementor-widget-container\">\n\t\t\t<h2 class=\"elementor-heading-title elementor-size-default\">Collecte des d\u00e9bris et des poussi\u00e8res<\/h2>\t\t<\/div>\n\t\t\t\t<\/div>\n\t\t\t\t<div class=\"elementor-element elementor-element-1354828 elementor-widget__width-initial elementor-widget elementor-widget-text-editor\" data-id=\"1354828\" data-element_type=\"widget\" data-widget_type=\"text-editor.default\">\n\t\t\t\t<div class=\"elementor-widget-container\">\n\t\t\t\t\t\t\t<p>\u00a0Les camions aspirateurs sont \u00e9quip\u00e9s de puissants syst\u00e8mes d&rsquo;aspiration. Cela permet de maintenir un environnement de travail plus propre et plus s\u00fbr pour les ouvriers et de r\u00e9duire la dispersion de particules dans l&rsquo;air.<\/p>\t\t\t\t\t\t<\/div>\n\t\t\t\t<\/div>\n\t\t\t\t<\/div>\n\t\t<div class=\"elementor-element elementor-element-57c51d4 e-con-full e-flex e-con e-child\" data-id=\"57c51d4\" data-element_type=\"container\" data-settings=\"{&quot;background_background&quot;:&quot;gradient&quot;}\">\n\t\t\t\t<div class=\"elementor-element elementor-element-483c83e elementor-widget elementor-widget-heading\" data-id=\"483c83e\" data-element_type=\"widget\" data-widget_type=\"heading.default\">\n\t\t\t\t<div class=\"elementor-widget-container\">\n\t\t\t<h2 class=\"elementor-heading-title elementor-size-default\">R\u00e9duction des nuisances sonores<\/h2>\t\t<\/div>\n\t\t\t\t<\/div>\n\t\t\t\t<div class=\"elementor-element elementor-element-91176c9 elementor-widget elementor-widget-text-editor\" data-id=\"91176c9\" data-element_type=\"widget\" data-widget_type=\"text-editor.default\">\n\t\t\t\t<div class=\"elementor-widget-container\">\n\t\t\t\t\t\t\t<p>Contrairement \u00e0 d&rsquo;autres m\u00e9thodes de nettoyage et de collecte des d\u00e9chets sur les chantiers, l&rsquo;utilisation de camions aspirateurs peut contribuer \u00e0 r\u00e9duire les niveaux de bruit, ce qui peut \u00eatre b\u00e9n\u00e9fique pour les travailleurs et pour les communaut\u00e9s environnantes.<\/p>\t\t\t\t\t\t<\/div>\n\t\t\t\t<\/div>\n\t\t\t\t<\/div>\n\t\t<div class=\"elementor-element elementor-element-cdab73d e-con-full e-flex e-con e-child\" data-id=\"cdab73d\" data-element_type=\"container\" data-settings=\"{&quot;background_background&quot;:&quot;gradient&quot;}\">\n\t\t\t\t<div class=\"elementor-element elementor-element-2b9ce5f elementor-widget elementor-widget-heading\" data-id=\"2b9ce5f\" data-element_type=\"widget\" data-widget_type=\"heading.default\">\n\t\t\t\t<div class=\"elementor-widget-container\">\n\t\t\t<h2 class=\"elementor-heading-title elementor-size-default\">Recyclage efficace des d\u00e9chets<\/h2>\t\t<\/div>\n\t\t\t\t<\/div>\n\t\t\t\t<div class=\"elementor-element elementor-element-46064d2 elementor-widget elementor-widget-text-editor\" data-id=\"46064d2\" data-element_type=\"widget\" data-widget_type=\"text-editor.default\">\n\t\t\t\t<div class=\"elementor-widget-container\">\n\t\t\t\t\t\t\t<p>Les camions aspirateurs sont \u00e9quip\u00e9s de r\u00e9servoirs de grande capacit\u00e9 pour stocker les d\u00e9chets collect\u00e9s. Puis \u00e0 Bab TP nous recyclons les d\u00e9bris collect\u00e9s pour les r\u00e9utiliser par la suite.\u00a0<a href=\"https:\/\/babtpfi.cluster030.hosting.ovh.net\/index.php\/revalorisation-materiaux\/\" target=\"_blank\" rel=\"noopener\">En savoir plus sur la revalorisation des mat\u00e9riaux<\/a>\u00a0<\/p>\t\t\t\t\t\t<\/div>\n\t\t\t\t<\/div>\n\t\t\t\t<\/div>\n\t\t\t\t\t<\/div>\n\t\t\t\t<\/div>\n\t\t\t\t<\/div>\n\t\t","protected":false},"excerpt":{"rendered":"<p>Camion aspirateur Une aspiratrice excavatrice\u00a0est utilis\u00e9e pour extraire les mat\u00e9riaux tels que la terre, le sable, le gravier ou les boues du sol. Le camion aspirateur est \u00e9quip\u00e9 d\u2019un tuyau d\u2019aspiration qui est ins\u00e9r\u00e9 dans le sol et d\u2019une pompe \u00e0 vide qui cr\u00e9e une pression n\u00e9gative pour aspirer les mat\u00e9riaux dans le tuyau. Caract\u00e9ristiques:&#8230;<\/p>\n","protected":false},"author":2,"featured_media":0,"parent":0,"menu_order":0,"comment_status":"closed","ping_status":"closed","template":"","meta":{"_kad_post_transparent":"","_kad_post_title":"hide","_kad_post_layout":"fullwidth","_kad_post_sidebar_id":"","_kad_post_content_style":"unboxed","_kad_post_vertical_padding":"hide","_kad_post_feature":"hide","_kad_post_feature_position":"","_kad_post_header":false,"_kad_post_footer":false,"footnotes":""},"class_list":["post-633","page","type-page","status-publish","hentry"],"_links":{"self":[{"href":"https:\/\/babtp.fr\/index.php\/wp-json\/wp\/v2\/pages\/633","targetHints":{"allow":["GET"]}}],"collection":[{"href":"https:\/\/babtp.fr\/index.php\/wp-json\/wp\/v2\/pages"}],"about":[{"href":"https:\/\/babtp.fr\/index.php\/wp-json\/wp\/v2\/types\/page"}],"author":[{"embeddable":true,"href":"https:\/\/babtp.fr\/index.php\/wp-json\/wp\/v2\/users\/2"}],"replies":[{"embeddable":true,"href":"https:\/\/babtp.fr\/index.php\/wp-json\/wp\/v2\/comments?post=633"}],"version-history":[{"count":140,"href":"https:\/\/babtp.fr\/index.php\/wp-json\/wp\/v2\/pages\/633\/revisions"}],"predecessor-version":[{"id":1499,"href":"https:\/\/babtp.fr\/index.php\/wp-json\/wp\/v2\/pages\/633\/revisions\/1499"}],"wp:attachment":[{"href":"https:\/\/babtp.fr\/index.php\/wp-json\/wp\/v2\/media?parent=633"}],"curies":[{"name":"wp","href":"https:\/\/api.w.org\/{rel}","templated":true}]}}